nits digit of p?
7
Let a be 0 + (-2 - -5 - 1). Suppose 0 = -a*p + 4*p + 10. What is the tens digit of (-48)/p + (-2)/(-5)?
1
Let v = -11 + 8. Let x(h) = 2 - h**2 - 5*h + 1 - 6. What is the units digit of x(v)?
3
Let r(s) = -s + 13. Let f be r(0). Suppose 3*q + 10 + 9 = -d, d - 2*q = 6. Let i = f + d. What is the units digit of i?
9
Suppose -3*q + 5*q - 134 = 0. What is the units digit of q?
7
Let g = 2 + -5. Suppose 5*a = 5, -4*k - 4*a = -0*k - 124. What is the units digit of (-5)/(k/4)*g?
2
Let q(g) = -g**2 - 6*g + 3. Let x be q(-6). Suppose x*l - 1 + 10 = 4*z, 0 = 2*z + 2*l - 22. What is the units digit of (-32)/z*(-9)/6?
8
Suppose -5*f = -81 + 21. What is the units digit of (2 + -6)*f/(-16)?
3
Let o(k) be the second derivative of -k**4/12 - 5*k**3/3 + 11*k**2/2 + k. What is the units digit of o(-10)?
1
Let o = 7 - -1. Suppose 0*m = -4*m + o. What is the units digit of m?
2
Suppose -19 - 20 = -z. What is the units digit of z?
9
Suppose 3*q - 4*q = 3*s - 280, 4*s - 2*q - 360 = 0. Suppose -3*k = -16 - s. What is the units digit of k?
6
Suppose -4*o + 5*c + 10 = 0, -o + 10 = 2*c + 1. Suppose 25 = o*z - 0*z. Suppose -2*v + 18 = -z*r, -3*r + 15 - 5 = 4*v. What is the units digit of v?
4
Suppose 0 = -6*n + 3*n + 12. Suppose n*l - 1 = 3*f - 0*l, 0 = 5*f + 4*l - 41. Suppose f*d = d + 28. What is the units digit of d?
7
Let r = 5 - 41. Let g = r - -63. What is the units digit of g?
7
Suppose -158 = -4*o - 2*i, 4*i - 29 + 157 = 4*o. Suppose -3*r + 77 = -o. What is the units digit of r?
8
Let w = 125 - 64. What is the units digit of w?
1
Let a(h) = -h**2 + 12*h + 17. Let g be a(12). Let j be 132/(-21) - 4/(-14). Let m = g + j. What is the units digit of m?
1
Suppose r - 5 + 0 = 0. Suppose -r*c - 20 = -0*c, -4*c = 3*i + 151. What is the units digit of 1/(-4) - i/20?
2
Suppose 5*f + 4*v + 20 = 0, -4*v = -2*v - 10. Let o be 11/(-2*(-3 - (-14)/4)). Let t = f - o. What is the units digit of t?
3
Suppose -13 = -4*a + 5*b, -5*b - 18 = -3*a - 2. Let d be -2 + 1*(1 - 0). What is the units digit of a - 21*(-2 - d)?
8
Suppose q = 2*q + 2. Suppose -3*x = 2*c + 3*c - 22, c = -x + 4. What is the units digit of x*3*4/q?
6
Suppose -5*f - 60 = -4*y, -3*y - 84 = 4*f + y. Let v = -8 - f. What is the units digit of v?
8
Let q be (1 - -2)/(9/132). Suppose 2*i + 3*i - q = -2*w, 0 = i - 3*w - 2. What is the units digit of 12/i*(10 - 2)?
2
Let p(b) = b + 15. What is the units digit of p(7)?
2
Let q(d) = d**3 - 5*d**2 + 2*d - 5. What is the units digit of q(5)?
5
Suppose -7 + 178 = 3*f. Suppose -45 = -3*l + f. What is the tens digit of l?
3
Suppose 0 = -3*d + 5*d - 4*y - 20, 3*d = 5*y + 32. Let b(x) = x**2 - 13*x - 16. Let a be b(d). What is the tens digit of (20/(-6))/(a/6)?
1
What is the tens digit of (23/(-69))/(655/(-327) - -2)?
0
Suppose -5*p + 2*l + 15 = -4*p, -2*p = 4*l + 2. Suppose 16 = 2*g - 8. Let z = g - p. What is the units digit of z?
5
Let q(l) be the third derivative of l**6/120 - l**5/20 - l**4/4 + l**3/6 - l**2. What is the units digit of q(5)?
1
What is the units digit of (-6 + 5)/((-1)/23)?
3
Let r(o) = o**2 - 3. Let n be r(0). Let k(m) = m**2. What is the units digit of k(n)?
9
Let i = -34 + 50. What is the tens digit of i?
1
Suppose 2*x - 44 - 54 = 5*b, -5*b = -5*x + 215. What is the tens digit of x?
3
Let x(r) = r**3 + 3*r**2 - 6*r - 6. Let f = 12 + 0. Let n be (2 - -1)*f/(-9). What is the units digit of x(n)?
2
What is the tens digit of (265 - 3)/2 - -6?
3
Suppose 5*b = 2*b + 15. Let f(p) = -p**3 + 4*p**2 + 7*p - 7. Let l be f(b). Suppose -5*r - 5 = 3*w, -w + 8 = l*w + 3*r. What is the units digit of w?
5
Let u be 38/8 + 4/16. Suppose y - u*y = 0. Suppose -4*s + 24 + 12 = y. What is the units digit of s?
9
Let y(w) = -13*w**2 - 8*w + 3. Let x be y(7). What is the units digit of x/(-25) - 3/5?
7
Suppose 0 = -5*k - 5*n + 110, 2*n - 58 = -3*k + 7*n. What is the tens digit of k?
2
Let w = -1 - -11. Let x be (-34)/w - (-9)/(-15). What is the units digit of 2/x - 6/(-4)?
1
Let p = -11 + 13. What is the tens digit of (p/3)/(7/231)?
2
Suppose 5*i = i + r + 118, -4*r - 66 = -2*i. What is the tens digit of i?
2
Let d(p) = p**3 - 5*p**2 + 6*p - 6. Let b be d(4). Let o(t) = -40*t**2 + 1 + 2*t + 39*t**2 + t. What is the units digit of o(b)?
3
Let a = 1 + -2. What is the units digit of (0 - 2/a) + 1?
3
Suppose 3*u = 4*u. Let f = u - -11. What is the tens digit of f?
1
Suppose -9*c + 415 = -719. What is the units digit of c?
6
What is the units digit of 81/2 + (-6)/(-12)?
1
Let o(x) = 2*x**2 + 2*x + 3. Let m be o(-4). Suppose -4*a + 24 = -4*k, -2*a + 2*k + m = 3*a. What is the units digit of ((-10)/(-4))/(a/10)?
5
Suppose 5*k + 2*z - 185 = z, -2*k + 52 = -4*z. What is the units digit of k?
6
Suppose 4*p = -4*g - 20, 8 + 17 = -5*p + 5*g. Let r(f) = -f - 1. Let y be r(p). What is the units digit of 370/45 - y/18?
8
Let s = 8 + -15. Let u(t) = 0*t - 4*t + 6*t**2 + t**3 - 4*t - t - 9. What is the units digit of u(s)?
5
Let o(a) = 2*a**2 - 15*a + 14. Let u be o(10). Suppose 4*j - 113 = -5*q, -4*j + u = 4*q - 48. What is the units digit of j?
7
Let l(r) = 7 - 8 + 4*r**2 - 7*r - 2*r**2. What is the units digit of l(5)?
4
Suppose 0 = -2*z, -5*u = -4*z + z - 405. What is the units digit of u?
1
Suppose -2*t - 124 = -6*t. What is the tens digit of t?
3
Let s(w) = w**2 - 3*w + 9. What is the tens digit of s(6)?
2
Let g = 1023 - 549. Let i be g/15 + 3/(-5). Suppose 1 = -d, -4*z + 0*d - d = -i. What is the units digit of z?
8
Let w(c) = -c - 1 + 4*c**2 + 0*c + 11*c - 5*c**2. Let n be w(7). Suppose 5*g + 4*a - n = -4, -18 = -5*g - 2*a. What is the units digit of g?
4
Let g = -74 - -130. What is the tens digit of g?
5
Let r = 9 - 3. Suppose -r*w + 1 = -5*w. What is the units digit of w?
1
Let u = -2 + 18. Suppose 5*n = k - 4*k + u, 2*n = k + 13. Suppose -4*a + 6 = -3*a + 3*z, 6 = a - n*z. What is the units digit of a?
6
Let i(d) = 24*d**3 - 2*d**2 + d. What is the tens digit of i(1)?
2
Suppose -4*c + 2*a = 29 - 7, 5*c + 5*a + 5 = 0. Let k = 18 + c. Suppose 5*i - 6 - k = 0. What is the units digit of i?
4
Suppose 5*r = 5, 0*u - 3*u - 4*r = -499. What is the tens digit of u?
6
Let h = -134 - -214. Suppose 72 + h = 4*b. What is the tens digit of b?
3
What is the hundreds digit of (6522/30 - -4) + (-4)/10?
2
Suppose m = -5*r + 15, 0*r - 3*m + 7 = -4*r. Suppose r*y + 5*q - 6 = y, q = -5*y + 126. What is the tens digit of y?
2
Let p be 1 + 9 - (-15)/(-5). Suppose -h + 2*k + 29 = 0, 3*k = -2*h + p*h - 110. What is the tens digit of h?
1
Suppose -5*q + 2*b + 75 + 92 = 0, -5*q + 4*b = -169. What is the tens digit of q?
3
Suppose 4*w + 83 = 367. What is the units digit of w?
1
Let t = 40 - 25. Let y = t + -42. What is the units digit of (y/(-15))/(1/5)?
9
Let q(f) be the first derivative of f**3/3 - 2*f**2 - 2*f + 2. What is the tens digit of q(6)?
1
Let x = 13 + -8. Suppose -164 = -x*g - 4*d, -2*d - 30 = -g - 0*g. What is the tens digit of g?
3
Let t = -14 - -9. Let u = t + 8. What is the units digit of (-2)/2 + 24/u?
7
Suppose -4*s = -b + 2*b - 1202, 5*b - 1194 = -4*s. What is the hundreds digit of s?
3
What is the tens digit of (-15)/(-2)*300/45?
5
Suppose -492 + 1477 = 5*t. What is the units digit of t?
7
Let f(a) = 44*a**2 - 2*a - 4. What is the hundreds digit of f(-2)?
1
Suppose -3*u + 6 = -3. Suppose -a = u - 18. What is the units digit of a?
5
Let a(u) = u + 1. Let c be a(4). Suppose -3*i - 5*b + 68 = -50, 3*i - c*b = 68. What is the tens digit of i?
3
Let f(i) = -i**2 + 11*i + 20. What is the units digit of f(10)?
0
Suppose 3*j = 3*u - 699, 2*u + 1181 = 7*u - j. What is the hundreds digit of u?
2
Suppose -49 = -5*w + 11. Suppose 3*j + 3*i = w, 2*i = -j - i + 2. Suppose 13 = j*x - 27. What is the units digit of x?
8
Suppose q - 80 = 5*q. What is the units digit of ((-76)/q)/(4/20)?
9
Suppose 0 = -4*x - 3*c + 31, 4*x = 3*x + 4*c + 3. Let p(z) = -z**3 + 8*z**2 - 5*z - 8. Let h be p(x). What is the units digit of -1*(-2 - 1*h)?
8
Suppose 4*r + 4*c - 144 = 0, 4*r + 3*c + 0*c = 148. Let h = r + -24. What is the tens digit of h?
1
What is the units digit of (-3 + 63/15)/((-6)/(-280))?
6
Suppose o = -o + h + 12, -31 = -5*o + 3*h. Suppose -o*g + 41 = -4*l, -8 = -g + 2*l - 1. What is the units digit of g?
9
Let v(a) = 3*a**2 + a - 16. What is the tens digit of v(5)?
6
Let o be 1*2 - (3 - 5